4 - j/3). Calculate the highest common factor of v and 77.
7
Let l = 81 - -63. Suppose v - 6*v = 5*z - 35, 0 = -5*v + 3*z + 11. Suppose -v*i = -4*o + 52, 0*o - 5*i = -o - 7. What is the greatest common factor of l and o?
18
Let d be (650/20)/((-1)/(-8)). Calculate the greatest common factor of d and 13.
13
Suppose u - 24 = -4. Let c = 39 - u. Let b = -144 - -277. Calculate the highest common factor of c and b.
19
Let v be -2*1/3 - 480/(-45). Let o(j) = j**3 + 14*j**2 + 17*j + 6. Let m be o(-12). What is the greatest common factor of v and m?
10
Suppose 2*k - 200 = -6*k. Suppose -28*m = -k*m - 144. What is the highest common factor of 12 and m?
12
Suppose 2*t + 3*w - 3 = 64, 5*w - 139 = -4*t. What is the highest common factor of t and 369?
41
Let y = -10 - -274. What is the greatest common divisor of y and 99?
33
Suppose 0 = 2*m - 0*m - 16. Suppose -b - 14 = -2*a, -3*b - 13 = -3*a + m. What is the highest common factor of 21 and a?
7
Let s be (1 + 0)/((-10)/(-50)) + -1. Suppose -s*i - 41 = -81. What is the greatest common divisor of 2 and i?
2
Let r = -60 + 60. Suppose r = -q, -3*s = -s - 4*q - 74. Calculate the greatest common factor of s and 111.
37
Suppose -25*r = -3*g - 20*r + 65, r = -2*g + 26. What is the greatest common factor of 1605 and g?
15
Let i be (-13456)/44 - (-2)/(-11). Let d = -186 - i. What is the highest common factor of d and 15?
15
Suppose 24*i - 1771 - 2645 = 0. What is the greatest common factor of i and 253?
23
Suppose 77 = 18*i - 7*i. What is the greatest common divisor of i and 287?
7
Let p be 1*-2*(-85)/34. Let l be ((-12)/p)/(2 + 69/(-30)). Let f = -21 - -77. Calculate the highest common factor of f and l.
8
Let x(n) = 8*n - 2 + 15*n**2 + 7 - 14*n**2. Let p be x(-10). What is the greatest common divisor of 100 and p?
25
Let w be 315/10*28/6. Suppose -407 = -10*y - w. Calculate the highest common divisor of y and 286.
26
Suppose -10*c + 16*c = 12. Let s be 3*(-2)/c - (-20 - 2). What is the highest common divisor of s and 133?
19
Let n be 2 + 257 + -17 + 17. Calculate the greatest common factor of 37 and n.
37
Suppose 3*f = -3, -18*z + 17*z = -3*f - 94. What is the highest common divisor of z and 13?
13
Let g be (-4)/8 + (-102)/(-4). Suppose 3*i - 28 = -13. Calculate the highest common factor of i and g.
5
Let r = 1720 + -1687. What is the greatest common divisor of 3597 and r?
33
Let r = 3571 - 3564. Let a = 7 + 14. Calculate the highest common divisor of r and a.
7
Suppose -3*i + 28 = -8*t + 205, 4*t = -4*i + 72. Calculate the greatest common divisor of t and 35.
7
Suppose a + 2*g - 23 = 93, 4*a - 4*g - 524 = 0. Let t be (30/(-9))/(1/(-3)). Suppose -t*o - a = -12*o. What is the greatest common divisor of 9 and o?
9
Suppose 2*z = 4, 5*o + 5*z - 16 = 9. Let q(x) = x + 8. Let k be q(-7). Calculate the greatest common factor of k and o.
1
Let g(y) = -30*y + 24. Let s be g(-9). What is the highest common factor of s and 42?
42
Suppose -5*l = 20, -2*u + 64 = 2*u - l. Let x = 26 + -54. Let n = x - -148. Calculate the highest common divisor of n and u.
15
Suppose 2*b = 8, 4*b - 17 = h - b. Suppose -4*y + 156 = h*z, -z = y - 0*y - 39. What is the highest common factor of 312 and y?
39
Let a = -77 - -89. Let f(c) = -2*c + 8. Let k be f(7). Let d be ((-4)/k)/(4/36). What is the highest common factor of d and a?
6
Let l(f) = f**3 - 9*f**2 + 3*f + 70. Let t be l(10). What is the highest common factor of 25 and t?
25
Suppose -5*d = -6 - 244. Suppose -5 = -4*w + 3*w. What is the greatest common factor of w and d?
5
Let c(r) = -146*r**3 - 5*r - 4. Let o be c(-1). Calculate the greatest common factor of 18 and o.
3
Let m(h) = h + 20. Let v be m(-13). Let d = 20 + v. Calculate the greatest common divisor of d and 9.
9
Let q = -55 - -12. Suppose 0 = -2*t + 5*p + 34, 5*t - 85 = p - 3*p. Let o = t - q. What is the greatest common factor of 24 and o?
12
Let o = 6566 - 3878. Calculate the highest common factor of 14 and o.
14
Suppose -5*m = -8*r + 6*r - 66, r = -3*m + 33. What is the highest common divisor of m and 248?
4
Let x(g) = g**3 - 17*g**2 + 16*g - 6. Let k be x(16). Let t be ((-210)/50)/(k/20). Calculate the greatest common factor of t and 21.
7
Let w be ((-30)/35)/((-1)/28). Let c = -6 - -198. What is the greatest common factor of c and w?
24
Let t = 54 + -26. Suppose 34*z - 32*z = t. Calculate the greatest common divisor of 238 and z.
14
Let n be 20/(-4)*-1 - -5. Let k be (-72 + 2)*(0 - 1). What is the highest common factor of k and n?
10
Let u(r) be the second derivative of -r**5/20 + r**3/6 + 2*r**2 - 9*r. Let m = 0 - 0. Let w be u(m). Calculate the greatest common factor of 28 and w.
4
Let u(v) = v**3 - 6*v**2 - 6*v + 13. Let q be u(7). Let h be q/((-123)/60 + 2). Let k be 6/(-18) - h/3. What is the greatest common factor of 19 and k?
19
Let s be 4/6*(-363)/(-22). Suppose 0 = -5*n + 22 + 143. What is the greatest common factor of n and s?
11
Suppose -w = v - 5*v + 16, -3*w + 2 = -2*v. Let j = 5 + v. Suppose 5*q - j = 0, -3*i + 30 = i + 5*q. Calculate the greatest common factor of 2 and i.
1
Let z = -806 - -885. Calculate the greatest common factor of z and 2528.
79
Let r = -132 - -148. What is the highest common factor of 24 and r?
8
Let u be (0*7/28 - -2) + 34. Calculate the greatest common factor of 27 and u.
9
Let i(a) = a + 14. Let d(v) = 2*v**2 + v + 8. Let o be d(0). Let c be i(o). Let h be c/((-3 - -8) + -3). Calculate the greatest common factor of 22 and h.
11
Suppose -2*d + 3*i + 33 = -181, 5*d - 544 = 3*i. Calculate the highest common factor of d and 20.
10
Let v = -43 + 211. Let q = 392 - v. Suppose -k - 5*o + 60 = 0, 4*k + 3*o = -o + q. Calculate the greatest common divisor of 5 and k.
5
Let c(f) = -13*f + 25. Let j be c(-5). What is the highest common factor of j and 36?
18
Let g(y) = 20 - 2*y - 11*y**2 + 13*y**2 - 21. Let k be g(3). What is the greatest common divisor of k and 110?
11
Suppose -4*b + 12 = 0, 3*x + 2*x - 1092 = -4*b. What is the highest common factor of 16 and x?
8
Suppose -2 = 3*k - 254. Suppose 4*w - 156 = k. Suppose -75 = -x - 4*x. Calculate the greatest common factor of x and w.
15
Let c(p) = -2*p + 8. Let d be c(6). Let x be d + (-4)/((-16)/380). What is the highest common factor of x and 13?
13
Suppose -j - 3*p = -325, -2*j + 913 = 5*p + 267. Suppose -3*s = -9, -2*k - s = -k - j. Let x = k + -166. What is the greatest common divisor of x and 16?
16
Suppose 21 = 5*f + 1. Let c = 10 - 24. Let l = 16 + c. What is the highest common divisor of f and l?
2
Suppose 2*l = -2*g + 14, -2*g + 5 = -3*g. Let s = l + -10. Suppose t - 6*t = -80. What is the highest common factor of s and t?
2
Suppose 100*h = 97*h + 138. Let g(o) = -o + 5. Let d be g(3). Suppose 4*c - d*x = -3*x + 98, 2*c - x - h = 0. Calculate the highest common factor of c and 3.
3
Let y(w) = w**3 + 5*w**2 - 4*w - 12. Let z = -58 - -53. Let j be y(z). What is the highest common factor of j and 40?
8
Let q(x) = 21*x + 100. Let z be q(-4). Calculate the highest common factor of z and 80.
16
Let r be (-1 - 45)/(5/((-180)/24)). Calculate the greatest common factor of 21 and r.
3
Let z = -48 + 50. Let c be -4 + 3 + (307 - z). What is the highest common divisor of 38 and c?
38
Let m be (-47)/7 - 36/126. Let f = m - -15. Calculate the highest common divisor of f and 8.
8
Suppose 32 + 384 = 13*s. What is the highest common divisor of s and 144?
16
Let d be 2/(-7) + (-144)/(-14). Suppose 600 = -0*j + 20*j. Calculate the greatest common divisor of j and d.
10
Suppose 0*m + 15 = -m + 4*b, m - 3*b = -10. Suppose 2*o + 2*o = 5*y + 40, m*y = -20. Calculate the highest common divisor of o and 2.
1
Let b = 53 - -493. What is the highest common divisor of b and 78?
78
Let v(u) = u**3 + 8*u**2 + 7*u + 5. Let a be v(-6). Let j be 1035/6 + 3/6. Let g = j - 103. What is the highest common divisor of a and g?
35
Suppose -7*k = 168 - 1078. Calculate the greatest common divisor of k and 39.
13
Let z be 65*(18/10 + 5). Calculate the highest common divisor of 52 and z.
26
Let p(j) = j**3 + 9*j**2 + j. Let s be p(-8). Suppose 0 = -v + 5 + 21. Let m = s - v. What is the greatest common divisor of 6 and m?
6
Suppose r - 5*r = -72. Suppose -3*b + 4*l = -5*b, 0 = 3*l + 9. What is the highest common factor of b and r?
6
Let b = -6 + 10. Suppose b*p + 4*u = u - 153,